 of 42 and m?
21
Suppose 5*l - 2*c - 54 = 0, 51 = 3*l + 3*c + 6. Let d be (-4)/l + (-91)/(-3). Calculate the highest common factor of d and 330.
30
Suppose -c + 15 = 4*y, -4*c - y + 2*y = -111. Calculate the highest common factor of c and 2133.
27
Let n(x) = 294*x - 13. Let u be n(2). Suppose 17*g = 12*g + u. What is the highest common divisor of 23 and g?
23
Let z(l) = 24*l - 2. Suppose -u - 34 + 36 = 0. Let n be z(u). What is the highest common divisor of 69 and n?
23
Let i(l) = l**3 - l**2 - 4*l - 1. Let q be i(3). Let b(a) = a**3 - 3*a**2 - 10*a + 15. Let p be b(q). What is the greatest common divisor of p and 3?
3
Let t(u) = -u**3 + u**2 - u + 121. Let d be t(0). Let w = 159 + -148. What is the highest common factor of d and w?
11
Suppose -10 = 2*a, -3*q - 3*a + 22 = -5*a. Suppose q*c = 37 + 47. Let d = -10 + c. What is the greatest common factor of d and 11?
11
Suppose -10*o + 24 = -4*o. Suppose 9 = 4*w - 3, o*w + 24 = 2*s. Calculate the highest common factor of 6 and s.
6
Let u(n) = n**2 + 1. Suppose 2*h = -5*o + 14, -o + 8 = o. Let g be u(h). Suppose -2*v + g = -0*v. Calculate the greatest common divisor of v and 35.
5
Let d = -481 - -485. Calculate the highest common divisor of d and 124.
4
Suppose -3*b - 4*v + 160 = 0, 0 = -b + 10*v - 8*v + 50. Suppose 57*z - b*z = 30. Calculate the highest common factor of z and 102.
6
Suppose 3 - 5 = -m. Let l be 550/(-75)*(3 - (7 + -1)). Calculate the highest common factor of m and l.
2
Let p = -126 - -168. What is the greatest common divisor of 84 and p?
42
Let u(z) = z + 8. Let d be u(-9). Let j be 20 - (d + 1) - (46 - 47). Calculate the highest common divisor of 35 and j.
7
Suppose -14*y + 15*y + 5*s = 39, -y + 3*s + 7 = 0. Calculate the highest common factor of y and 133.
19
Let o = -10 + 16. Let t = -21 + 27. Suppose -r = 3*n - 149, t*n - 91 = 4*n + r. Calculate the greatest common factor of n and o.
6
Let p = -38 + 57. Let c = 125 + p. What is the greatest common divisor of 16 and c?
16
Suppose -114*y = -48*y - 2772. Calculate the highest common divisor of 1050 and y.
42
Suppose -14*l = -9*l. Suppose l*b - 64 = -2*b. What is the highest common factor of 8 and b?
8
Let x be (-16)/48*603/(-1). Calculate the greatest common divisor of 67 and x.
67
Let r = 0 + 4. Suppose -f + 5*q - 18 = 0, 2*q + 10 = -2*f - q. Let s be ((-6)/f)/((-45)/(-240)). What is the greatest common factor of s and r?
4
Suppose 81 = 5*o + 4*a, -o - 4*a + 8 = -5. Suppose 7*m - o = 6*m. Suppose q + 3*b - m = 0, -q + 0*q = b - 17. What is the highest common factor of 136 and q?
17
Let k(r) = 5*r**2 + 3*r - 1. Let x be k(1). Suppose 3*g - 224 = 64. Suppose 3*d = x*d - g. Calculate the greatest common factor of 3 and d.
3
Let u(q) = 6 - q**2 - 4 - 12*q + 0 + q. Let s be u(-10). What is the highest common divisor of 6 and s?
6
Suppose -75 = 5*c + l - 76, 5*c + 4 = 4*l. Let t = 20 + 30. Suppose c*w = w - t. Calculate the greatest common divisor of 20 and w.
10
Let d(z) = 47*z**2 - 5*z + 37. Let n be d(3). Calculate the greatest common divisor of 5 and n.
5
Let s = -51 - -26. Suppose 3*w = -9 - 36. Let a = w - s. What is the greatest common divisor of 30 and a?
10
Let x(z) = 15*z + 28. Let a(g) = -g - 2. Let q(s) = 22*a(s) + 2*x(s). Let v be q(0). Suppose j - 39 = 21. What is the greatest common divisor of j and v?
12
Let j = 11 + -1. Let d = 33 - 17. Let x be (d/j)/((-1)/(-90)). What is the highest common divisor of 16 and x?
16
Let i(h) = 2*h + 3. Let j be i(0). Let o(d) = 3*d**3 + d**2 + 4*d + 3. Let g be o(j). What is the highest common divisor of 15 and g?
15
Let b(t) = -t**3 + 4*t**2 + 7*t - 7. Let p be b(5). Let l = -214 - -209. Let n be (-1 + -8)*l/p. What is the greatest common divisor of n and 3?
3
Let g(p) = 30*p**2 - 6*p - 8. Let j be g(-1). What is the highest common divisor of 91 and j?
7
Let r be (2222/(-505))/(2/(-5)). What is the greatest common divisor of 352 and r?
11
Let b = 24 + -16. Let r = 183 + -111. Calculate the highest common divisor of b and r.
8
Suppose 4*w = 130 + 150. Suppose 298 = 4*j + 4*r + 34, 0 = j + 3*r - w. Calculate the greatest common factor of j and 24.
8
Let j be (-114)/(-7) + (-2)/7. Let n(v) = -v**2 + 103*v - 466. Let d be n(5). Calculate the greatest common factor of d and j.
8
Suppose 4*d - 2*n = 1702, d - 448 = -3*n + 8*n. What is the greatest common divisor of 329 and d?
47
Let s(v) = 4*v**3 - 11*v**2 + 20*v + 7. Let o be s(3). Calculate the greatest common divisor of 988 and o.
76
Let m = -13 + 17. Suppose -4*o + 4*z + 90 = 2*z, m*z + 117 = 5*o. Calculate the highest common factor of 42 and o.
21
Suppose -3*u + 36 = -111. Suppose 5*v = u - 4. Suppose 0 = -k - 19*k + 1620. What is the greatest common factor of v and k?
9
Suppose -21*b + 240 = -9*b. Calculate the highest common factor of b and 230.
10
Let t be 0/(-3) - (-4)/(-1). Let p be t/14*(1 + -36). What is the highest common factor of p and 90?
10
Suppose 30*v - 1109 = 27*v + g, 2*v + g - 736 = 0. Let j be (-825)/(-20) - 2/8. What is the greatest common factor of v and j?
41
Let b = -922 - -940. Calculate the highest common factor of 126 and b.
18
Let w = 628 + -337. Suppose -71 = 5*q - w. Calculate the highest common factor of 110 and q.
22
Suppose 0 = -5*v - p + 105, -4*v = 32*p - 27*p - 63. What is the greatest common divisor of v and 319?
11
Suppose -7*p + 180 = -5*p. Let b be (1 - -5)/(3*4/18). Calculate the highest common factor of b and p.
9
Let p be (11 - -35)/((-4)/(-8)). Calculate the greatest common factor of 1012 and p.
92
Let a(m) = 37*m**3 + m**2 + m + 1. Let q be a(-1). Let z be (-8)/q + (-583)/(-9). What is the highest common factor of z and 13?
13
Let a = 11 - 4. Let w = 273 - 99. Suppose -4*h - h + d = -w, -4*h - d = -141. Calculate the greatest common divisor of a and h.
7
Let a = -4 - -24. Suppose 7 = m - a. What is the highest common factor of 243 and m?
27
Let f(m) = -3*m + 48. Let b be f(13). Let t = -9 - -9. Suppose t = 2*n - 3*n + 36. Calculate the highest common factor of n and b.
9
Suppose 3*p - 110 = -2*p. Let v(d) = 7*d**2 + 6*d - 7. Let s = -33 + 38. Let m be v(s). Calculate the highest common factor of p and m.
22
Suppose -4*i = 4*v - 12, -v - i = 3*v - 27. Let u = v - 2. Suppose -5*l - 3*r = -86 + 26, 3*r = 4*l - 21. Calculate the highest common divisor of u and l.
3
Suppose -2*m + 4800 = 18*m. What is the greatest common divisor of 15 and m?
15
Let b(t) = 65*t. Let f be b(3). Suppose -5*n + f = 30. What is the highest common divisor of n and 3?
3
Suppose -v + 10 = v. Let d(z) = z**3 + 10*z**2 - 18*z - 22. Let w(y) = -4*y + 33. Let n be w(11). Let j be d(n). What is the greatest common divisor of j and v?
5
Suppose 3 = -3*v - 0*x + 4*x, 4*v + 3*x - 21 = 0. Suppose 5*b = -2*d + 150, d = -v*b - d + 86. Calculate the greatest common factor of 8 and b.
8
Let h = -72 - -24. Let c be (112/h)/((-1)/3). Calculate the greatest common factor of 63 and c.
7
Let q be (2*1 - (4 + -47)) + 3. Let g = 70 - q. What is the greatest common divisor of g and 22?
22
Let c(d) = 3*d**3 - 5*d**2 - 2*d - 3. Let i be c(3). Calculate the highest common divisor of i and 513.
27
Suppose 0 = -9*b + 858 + 312. Calculate the highest common factor of 20 and b.
10
Let d(i) = i - 25. Let u be d(9). Let j be (u/(-28))/(-1)*-14. Suppose 0 = -2*x - 67 + 179. What is the highest common factor of j and x?
8
Suppose 0 = -3*w + 6*w. Suppose -2*v = -5*c + 70 + 115, w = -3*v + 15. Calculate the highest common divisor of 52 and c.
13
Let q = 37 + -26. Let k = q + 55. What is the highest common factor of 99 and k?
33
Let y = 1147 - 1052. Calculate the highest common divisor of 65 and y.
5
Let d = 13 + -11. Suppose 5*g - 4 = 2*v + d, 2*v - 14 = -5*g. Let o(k) = k**2 + 5*k + 14. Let w be o(-5). Calculate the greatest common factor of g and w.
2
Let y = 54 - 91. Let p = -36 - y. Calculate the greatest common divisor of 4 and p.
1
Suppose -2*b - 3 = b, 0 = 3*m - 3*b - 3. Let c(k) = k**2 + k + 40. Let o be c(m). What is the greatest common factor of o and 320?
40
Suppose -5*a + 15 = 2*t + 2*t, -4 = 4*a. Let c(k) = 2*k**2 - 2*k + 1. Let o be c(2). What is the greatest common divisor of t and o?
5
Let g = 11 - -3. Let h be (31 - g) + 2/2. Let p be 36/21*42/4. Calculate the highest common divisor of p and h.
18
Let j(w) = -28*w - 13. Let o be j(-1